) - 2).
-61
What is the value of (-27 + -117 - -14 - -14) + -4 + 26?
-94
Calculate 8 + 3 + 1 + (-2 - (-3 + 9)).
4
Calculate -8 + (2 - (-1 + -2)) + (106 - -27 - -5).
135
Calculate -91 + 213 + -100 - (-1 + 4).
19
What is (20 - 15 - 14 - -25) + -19?
-3
-3 + -5 - -27 - -29 - 16
32
Evaluate 14 + 11 + (66 - 120).
-29
Evaluate (5 - -34) + -4 + 1 - (-50 + 61 + -9).
34
Calculate 199 + -209 + (8 - 2 - 0) - 27.
-31
What is (-47 - (-79 + 8)) + -17?
7
Evaluate (29 - 11) + 8 + 12 + -2 + -23 + -11.
2
Calculate 73 + (50 - (51 - 31)).
103
What is the value of 6 - 2 - (24 - 16) - (2 - 13)?
7
What is the value of 1 + (79 - 55) + -57 - (10 + 1)?
-43
Calculate 61 + -9 + -39 + 16.
29
What is the value of -41 + -16 + (112 - 143)?
-88
What is the value of 79 + -2 + -11 + (-4 - -10) + -28 + 22?
66
What is the value of -81 - (-24 + -71) - -90?
104
Evaluate -4 + -4 + -1 + (-11 - -8) - -57.
45
What is the value of -412 - -48 - -291 - ((-15 - -1) + 1)?
-60
What is -4 + (-9 - (-25 + 36)) + 54?
30
What is 45 - -6 - ((11 + 4 - 10) + 9)?
37
What is the value of (-33 - -29) + -35 + 13?
-26
What is the value of -67 - ((-14 - 0) + 191 + -176) - -5?
-63
-667 + 663 - (2 - (4 - -18))
16
Calculate 4 - 11 - (-91 + 59).
25
1 + -1 + -30 - (1988 - 1981)
-37
Calculate -22 + (9 - (-27 - -3)) - 54.
-43
Evaluate 56 + -1 + (-66 + 28 - -25 - (-5 + -1)).
48
Calculate -24 + -4 + 55 - 109 - (4 + -1).
-85
-30 + 17 + -29 + 15 + 20
-7
Evaluate 1 + 2 + 21 + 3 + (-9 - 2).
16
What is -14 - -9 - (-31 + 7 + (-6 - -15))?
10
(159 - 129) + 7 + -3 + 5 + 4
43
What is -56 - (-35 - -190 - 133)?
-78
-11 + (-13 - 7) + (-25 - -66)
10
Evaluate 0 - (-34 - -1) - (101 - 110).
42
What is 13 + 4 + -2 + (285 - 274)?
26
Evaluate 0 + (18 - (-17 + 8)).
27
Evaluate -51 + 7 + -11 + (8 - -1) + 13.
-33
Calculate -40 + 15 + (40 - -3).
18
1 + 14 + (-100 - (-174 + 217))
-128
What is the value of -94 + (26 - -78) + -78?
-68
Evaluate 32 + (4 - (5 - 3)) + 12 + -23.
23
What is the value of 119 - (-8 - (-11 + 6 - 39))?
83
Evaluate 27 - 0 - (2 - 10) - (-7 - -15 - 6).
33
Calculate (-10 + 9 - -12) + (76 - (-42 - -21)).
108
Evaluate -63 + (112 - 38) + 51.
62
Evaluate 8 - ((-16 - -30) + -18) - -4 - 1.
15
1 + -25 - (-40 + 58) - -22
-20
Calculate (11 - 7 - 3 - -135) + 524 + -541.
119
-37 + (-35 - 13) - -159
74
Calculate 34 - (-8 - (13 + (-3 - -5) + -10)).
47
What is the value of (0 - -6) + (275 - 271) - 57 - 2?
-49
Calculate -3 - (24 + 1 + 0 + (-6 - -3)).
-25
Evaluate (8 - -1) + -2 + (146 - 69 - (30 - 7)).
61
Calculate -7 + -100 + (-38 - (27 - 63)).
-109
16 + (-48 + 17 - -8) + (13 + 2 - 3)
5
Evaluate 3736 + -3670 - (-5 + 1 - 13).
83
What is 1 + -19 - 2 - -2 - (33 - (254 - 221))?
-18
What is the value of 35 + (8 - 31) - (10 - 52)?
54
What is -11 + (13 - (-7 - (-9 + (2 - (10 - 7)))))?
-1
What is (59 - 29) + -42 + -7 + (3 - 6) + 2?
-20
81 - (232 - 75 - -8)
-84
Calculate (105 - 144) + (5 - -86).
52
(-3 - -8 - 76 - 10) + (-1 - (-3 - 2))
-77
What is ((-1 - -15) + (-86 - -58) - -30) + 9?
25
What is (-124 - -26) + 212 + -99?
15
(-469 - -428 - (28 - 2) - -18) + 1 + 13
-35
Evaluate -7 - (-1 - 0 - -2 - (-87 - -104)).
9
What is 12 + (32 - -26) - 19 - -20?
71
What is the value of 59 - (56 - (-43 - 47))?
-87
What is the value of 2 + -1 + -23 + 12 - (-16 + 5 + -91)?
92
Evaluate (-46 - -22 - -25) + -18.
-17
What is the value of 31 + (-14 - -2 - -9) + 7 + -7 + -9?
19
What is the value of 17 + -9 + -2 + (-12 + 12 + 8 - 12)?
2
Evaluate 65 + 10 + (-51 - -8).
32
What is 99 - (-92 - -69) - 88?
34
21 - ((-4 - 5) + 16) - (134 - (38 + -10))
-92
Calculate -36 + 126 + -87 + (-2 + 4 - 47).
-42
Calculate -104 - (8 + (-137 - -57)).
-32
14 + 0 + (0 - 3 - 29) + -1057 + 1034
-41
174 - (102 - 14) - 100
-14
What is the value of 34 - (22 + (-27 - -23)) - (-47 + 4)?
59
40 - (-15 + 115 - 2)
-58
-108 + -50 + (170 - -86)
98
-64 + (15 - (17 + (17 - (41 - 6))))
-48
What is -2 + (4 - 7 - -4) + -12 + -3?
-16
Calculate -15 + (-60 + 27 + 33 - (-1 + 8)).
-22
What is -3 + -21 - ((-50 - 98) + 182)?
-58
What is (10 - 50) + 8 + 0?
-32
What is the value of 67 + -28 + -76 - -19 - -54?
36
Calculate (-30 - -48) + -44 - -17.
-9
What is 86 - (20 + -1 + (-10 + (46 - 29) - 21))?
81
What is the value of (3 - 29 - -81) + 2 + -22?
35
Calculate ((-11 - -7) + -21 - -5) + 42.
22
Evaluate -13 - -9 - (-32 + -6 - 6 - 1).
41
What is 70 - (-10 - ((27 - 36 - (1 - 6)) + -11))?
65
Evaluate -16 + 0 + (16 + -15 - 13 - -42).
14
Evaluate 48 - (6 - (-74 + 0)).
-32
What is -239 + -120 + 253 + -9?
-115
What is 14 - (-15 - (-3 + -13 - -35))?
48
What is -3 + 1 + -7 + 87 + (14 - 33) + 20?
79
-1 + 4 + -3 + (61 - -4) + 6 + -10
61
Evaluate 24 + (-38 - (38 - 86)).
34
What is the value of -12 - (-116 - (-110 - -60))?
54
What is -13 - ((1 - -11) + (-32 - -5))?
2
55 + (13 - 71) - -66
63
-26 + 4 - (22 + -37) - (-1 - -19)
-25
-18 - (-15 - (21 - 4 - 30))
-16
Calculate -4 - (24 + -1 + (3 - 5) + -39).
14
Calculate (-9 - -33) + 9 + (-16 - -2) + 0.
19
Evaluate -25 + (3 - -3 - 40 - 8).
-67
What is -26 - (-7 - 10) - (1 + -3) - -15?
8
Calculate 2 - 9 - (-6 - (-2 + 3 - -18)).
18
What is the value of (20 - (-3 + -46 + 115)) + 1 + -10 + 1?
-54
Calculate (-52 - -25 - -106) + (-1 - (-26 - -4)).
100
What is the value of 26 - -3 - (3 + (0 - (1 + 2)))?
29
Evaluate (6 - -2) + (-19 + 12 - (-8 - 5)).
14
Calculate 71 + (-77 - -67) + -68.
-7
Evaluate 17 + (-11 - -22) + (22 - 9).
41
What is the value of -8 + -4 + -6 + -38 + 83 - -7?
34
Calculate (-4 - -2 - (23 + (3 + -3 - -5))) + -4.
-34
What is the value of -24 + (49 - (75 + -14))?
-36
Evaluate -58 - (26 + -4 + -11 + -36).
-33
Evaluate 142 - (-20 + 85) - 148.
-71
What is the value of 2 - (-102 + (34 - -51))?
19
43 - 145 - (19 - (-2 - (-10 + 5)))
-118
Evaluate (-11 - -1) + (-3 - (10 + -56 + 28)).
5
(15 - 29) + 3 + (16 - (-8 + -1))
14
What is the value of 335 + -295 - (-6 - -67)?
-21
What is the value of 85 + ((-15 - -43) + -69 - -59)?
103
Evaluate 48 - (-15 + -129 - -317).
-125
What is (-24 - (-22 + -27)) + -46 + 2?
-19
21 + (-26 - (17 - 28)) - -10 - 43
-27
Calculate 11 + (1 - (-10 - -13)) + (-5 - -26).
30
Evaluate -7 + (-64 - (36 + -50 - (-3 + -14))).
-74
Evaluate (-118 - 1) + (-228 - -377).
30
41 + (-31 - (12 - -12))
-14
Evaluate (46 - -12) + -31 + -55.
-28
-24 + 103 + -57 - (106 - 4)
-80
Evaluate 19 + (11 + 1 - 29) + (-2 - -8).
8
What is -105 + (225 - 85) - -19?
54
What is (9 - -3) + (26 + -21 - 33)?
-16
Evaluate 21 + (11 - (11 - (11 - -12))).
44
What is 95 + 1 - (-9 + (-53 - -35) + 10 - -9)?
104
What is the value of -23 + (372 - 395 - (-13 - 1) - -127)?
95
72 + (-1 - 11) + (63 - 70)
53
What is -1868 + 1873 - (1 - -110)?
-106
-153 + -24 + 36 - -81
-60
Calculate (-4 - (47 + -27)) + -69 + 16.
-77
Evaluate (50 - (-2 + 2 + 3)) + (73 - 86).
34
What is (53 - -5 - 167) + 61?
-48
What is 28 + 5 - (-40 - -98)?
-25
Calculate (-41 - -71) + -89 + -16.
-75
0 + (14 - 23 - -19) - (47 + (3 - 3))
-37
What is -30 + 55 + -57 - -27?
-5
Evaluate ((-8 - -5) + 3 + 12 - (3 - 0)) + -45.
-36
Calculate 22 - -4 - (21 + (-30 - -14)).
21
-76 + 55 + 33 + (2 - 1 - (54 + -1))
-40
What is the value of -8 - (42 + -51 - (-2 + (42 - (0 + 5))))?
36
Calculate 21 + -4 + 0 + 0 - ((-19 - -60) + -28).
4
(38 - 0) + (-1 - -7) + (7 - 23) + 4
32
Evaluate -12 + (0 - -64) + 0 + -3.
49
Evaluate (76 - -28) + -52 + -108.
-56
(124 - (153 - 55)) + (9 - -2)
37
What is 6 + -102 + 1789 + -1623?
70
What is -93 + (212 - (11 - -63))?
45
Evaluate 13 + -8 - (63 - 5 - ((-8 - 4) + 7)).
-58
What is the value of -31485 + 31553 - (-1 - (1 - (0 - -1)))?
69
Calculate 26 + -1 - (-23 + (55 - 25)).
18
What is (-10 - (-15 - -9)) + 39 + 1 + 3?
39
What is 4 + (2 - 11) + (2 + 61 - (-11 - -6))?
63
Evaluate 8 - (-1049 - -1161 - (1 - -33)).
-70
Calculate 8 + 20 + -3 - -97.
122
What is 564 + -279 + -267 + 0 + 1 + -74?
-55
Evaluate (4 + 8 - 31) + 23.
4
Evaluate -642 - -622 - (-9 - 11).
0
What is 25 + -66 + 83 - (1 - -3 - -4)?
34
What is 0 + -7 + -261 + 248 + (-1 - -26)?
5
84 - 0 - (-78 + -5 - -72)
95
What is the value of 30 + -17 + -4 + (-2 - 5) + (2 - -30)?
34
What is -2 + 0 + -29 + -13 + (45 - 14)?
-13
What is 32 + 2 + -9 + 23 + (-6 - 11)?
31
What is the value of -9 - 23 - (31 + -21 + -5)?
-37
-24 + (29 - (15 - 1)) + 0 - (-1 - -42)
-50
Calculate -1 + 4 - 5 - (27 - (13 + (0 - -28))).
12
Calculate (1 - (34 + 11 + -26)) + -89.
-107
What is (44 - (-24 + 38)) + -5 + -1?
24
Calc